 0. Suppose -r - 48 = -3*z, z + 39 = o*z - 4*r. List the prime factors of z.
17
Suppose 0 = -2*g - 0*g - 10. Let j = 7 + g. Suppose -36 = -j*s - 2*p, 0 = -3*s - 0*s + 5*p + 30. What are the prime factors of s?
3, 5
Let g(f) = 144*f - 86. Let p(r) = 29*r - 17. Let z(q) = 3*g(q) - 16*p(q). List the prime factors of z(-5).
2, 3, 29
Let w(t) be the second derivative of t**4/6 + t**3/6 - 15*t**2/2 + 9*t. List the prime factors of w(-5).
2, 3, 5
Let l(w) be the third derivative of -w**5/30 - w**4/3 + 2*w**3/3 + w**2. Let a be l(-3). List the prime factors of (-14)/35 - (-174)/a.
17
Let n = -11 - -15. Let b(t) = -3*t**2 - 5*t - 1. Let a(s) = -2*s**2 - 6*s - 2. Let x(m) = n*a(m) - 3*b(m). List the prime factors of x(11).
17
Suppose -r = 5 - 0. Let i(c) = 0 + 0 - 7*c - 2 - 4. List the prime factors of i(r).
29
Suppose 0 = -2*n + 18 + 22. Let t = 8 + n. List the prime factors of (-3 + t)*(1 - 0).
5
Suppose -7 - 53 = 4*z. What are the prime factors of -5*6/z + 5?
7
Let m(t) = 5*t**2 - 8. Let p(g) = -6*g**2 - g + 8. Let l(k) = -5*m(k) - 4*p(k). Let i be l(6). List the prime factors of (0 + 3*-3)*i.
2, 3
Let p be (-2)/8 + (-101)/(-4). Suppose -p*a = -21*a - 356. List the prime factors of a.
89
Let h be (-18)/(-4) + -3 - (-3)/(-2). Suppose h = x + 12 - 78. List the prime factors of x.
2, 3, 11
Let j(k) = 183*k**2 - k + 2. Let r be j(1). Let v = r - 70. Let x = v - 74. List the prime factors of x.
2, 5
Suppose -188 = 5*h + 292. Let p be h/(-30) + 1/(-5). List the prime factors of -2 + (-11)/(-3)*p.
3
Suppose 0 = n - 10*u + 7*u - 976, 3*u = -4*n + 3874. What are the prime factors of n?
2, 5, 97
Suppose -9 = j + 2*m - 6*m, -2*m - 6 = -4*j. List the prime factors of j - 5 - (4 + -50).
2, 11
List the prime factors of -44*262/(-8) + 6.
1447
Suppose -5*d = -4*o - 764, 2*d = 2*o + 3*o + 309. Suppose 560 = 4*j + d. What are the prime factors of j?
2, 3, 17
Suppose -88 = -2*s - 46. Suppose -s*r = -22*r + 135. List the prime factors of r.
3, 5
Let c = -1026 - -1747. What are the prime factors of c?
7, 103
Let d(b) = -3 - 8*b**2 + b + b**3 - 2 + 0*b**3. Let i be d(8). What are the prime factors of -1 + (-30)/(-2) - i?
11
Let s(l) = 0*l + 3*l + l. Let f be s(2). Let a = f - 5. List the prime factors of a.
3
Suppose -474*r + 459*r + 34290 = 0. List the prime factors of r.
2, 3, 127
Let k(p) = 6*p**3 + 7*p**2 - 2*p + 7. List the prime factors of k(5).
2, 461
Let z be (-3)/(-9) - 16/3. Let n be (4/(-6))/(z/15). What are the prime factors of n*(-26)/(-4)*2?
2, 13
List the prime factors of 150/(0/(-2) - (-78)/416).
2, 5
Let s(h) = h**3 - 21*h**2 + 6*h - 17. List the prime factors of s(23).
3, 131
Suppose -11*w - 61 - 16 = 0. List the prime factors of (w/((-7)/118))/((-4)/(-6)).
3, 59
Let s be ((-4)/7)/((-4)/14). Let d(x) = x**3 + 2*x**2 - 2*x - 2. Let w be d(s). Suppose 0*r - w = -5*r. List the prime factors of r.
2
Let o = 1 - -1. Suppose -5*f - g - g + 50 = 0, o*g = -10. What are the prime factors of f?
2, 3
Let b = 29 + -12. Let z = b - 23. List the prime factors of (-12)/8 - 135/z.
3, 7
Let a(d) = 3*d**2 - 2*d + 22. Let l be a(5). Let c = l - 0. List the prime factors of c.
3, 29
Let c = 36 - 32. Suppose w - 2*w = -c. What are the prime factors of w?
2
Suppose 4*f + k = 7*f - 2303, f - 761 = -3*k. What are the prime factors of f?
13, 59
Let a(x) = 2*x**2 + 4*x - 4. Let y be a(1). List the prime factors of (2/(-8))/(y/(-8)) + 112.
113
Suppose 3104 = 5*u - 491. What are the prime factors of u?
719
List the prime factors of 5 + (-8)/(-4 + (-7650)/(-1915)).
29, 53
Let m = -925 - -1378. What are the prime factors of m?
3, 151
Suppose o - 4*o + 47 = -4*p, 3*p + 4*o + 29 = 0. Let h be (0/1)/(p + 10). Suppose n - 12 - 7 = h. List the prime factors of n.
19
Suppose 4 + 6 = -5*n. Let j be (-10066)/(-63) + n/(-9). Suppose -4*v + 44 = -j. List the prime factors of v.
3, 17
Suppose 0 = i + 10314 - 14776. List the prime factors of i.
2, 23, 97
Let f be (10/8)/(1/6)*6. Let j = 186 - f. What are the prime factors of j?
3, 47
Suppose m + 9 = u - 4*u, -4*u - 3*m = 12. Let i = -27 - u. Let k = 48 + i. List the prime factors of k.
2, 3
Let i(z) = z. Let p(n) be the third derivative of n**5/60 + 7*n**4/24 - n**3/2 - 4*n**2. Let u(r) = -3*i(r) + p(r). List the prime factors of u(-6).
3
Let y = 3 - 2. Let d(w) = -7*w**3 + 1. Let j be d(y). List the prime factors of -12*(-7)/((-63)/j).
2
Let w = -4 - 0. Let m be (1 + -2)/(w/(-16)). What are the prime factors of 1/(m/(-61 + -3))?
2
Let l(b) = -32*b. Let u be l(1). Suppose 0 = 4*z + 8 - 4, -5*z - 135 = -d. List the prime factors of d/14 + u/112.
3
Let b(j) = -1239*j - 70. What are the prime factors of b(-3)?
7, 521
Let z(i) = i**3 - 4*i**2 + 4*i - 101. What are the prime factors of z(11)?
2, 5, 79
List the prime factors of (898/(-4))/(5*(-9)/90).
449
List the prime factors of ((-5)/(-2))/((12/(-472))/(-3)).
5, 59
What are the prime factors of 3/11 + 15040/110?
137
List the prime factors of ((-309)/(-15) - -1)/(15/1550).
2, 3, 31
Let r(q) = q**2 + 11*q - 10. Let p(f) = f**2 + 10*f - 11. Let k(l) = 4*p(l) - 3*r(l). Suppose 12*o + 20 = 10*o. What are the prime factors of k(o)?
2
Let i(t) = t**2 + 6*t + 3. Let l be i(-5). Let w be l/5 - 104/(-10). List the prime factors of (-1268)/(-20) - 4/w.
3, 7
Let d(o) = 1 + 9*o**2 + o**3 - 2 + o + 8*o + 8. Let k be d(-8). What are the prime factors of (-741)/(-26) + k/2?
2, 7
What are the prime factors of (53890/510)/((-1 - -2)/33)?
11, 317
Suppose -2776 - 3208 = -11*q. List the prime factors of q.
2, 17
Let x(v) = -v**3 - 10*v**2 - 20*v - 5. List the prime factors of x(-8).
3
Let i = -11 - -21. Suppose 0 = i*v - 7*v - 117. List the prime factors of v.
3, 13
Let q = 116 - -2. What are the prime factors of q?
2, 59
Suppose -2*q + 8 = -2, -4*z = -5*q + 377. Let h be (-9)/(-6)*z/(-12). Suppose 3*c + h + 0 = a, 0 = 2*c. What are the prime factors of a?
11
Suppose 0 = 3*f - 0*f + 9. Let g be f/(-6)*-1*0. List the prime factors of (g - 9/(-3))*1.
3
Suppose 5*o - 14*n = -9*n + 9200, 3*n + 12 = 0. List the prime factors of o.
2, 3, 17
Suppose 0 = -5*z - i + 11, -3*z + 3*i + 1 + 2 = 0. Suppose 5*d + 4*w = 186, -w + 2 + z = 0. List the prime factors of d.
2, 17
Suppose -n = -a + 2432, 2*a + 0*n = 3*n + 4862. What are the prime factors of a?
2, 1217
Let s(b) be the second derivative of b**3/2 - 3*b**2 - 10*b. Let t be s(4). Suppose t*m - 24 = 30. What are the prime factors of m?
3
Let y(q) = 11*q + 168*q**2 - 17 + 0 + 17*q**2 + 5. List the prime factors of y(1).
2, 23
Let q = 1 - 1. Suppose 0 = 2*r - 2*n + 52 - 6, 116 = -5*r + 4*n. List the prime factors of -9 - r - (q - 0).
3, 5
Let i be 2/12 + 791/42 + 1. Suppose 2*x - 4*z + 28 = 6*x, 0 = 4*z + 12. Let j = i + x. What are the prime factors of j?
2, 3, 5
Suppose 5*s = -14 + 4. Let x(j) be the second derivative of 2*j**4/3 + j**2/2 + 6*j - 2. List the prime factors of x(s).
3, 11
Let v(f) = f**3 + f**2 - 2*f. Let q be v(-2). Let n be (-21)/6*(-2 - q). Let p = 20 + n. List the prime factors of p.
3
Let m = -895 + 1911. What are the prime factors of m?
2, 127
Suppose 2*i - 5278 = -5*b, -5688 = -2*i - 2*b - 422. What are the prime factors of i?
11, 239
Let k be (-1)/(12/(-40)) + (-3)/9. Let m be (1*-3 - 0)*-5. Suppose -3*a + k*b = -b - 65, a - m = -2*b. List the prime factors of a.
19
Suppose -2*n = -10, 2*n = r - 3*n + 5. Suppose 0 + r = 4*d. Suppose 92 = 3*q + d*i, -q + 5*i = -5*q + 116. What are the prime factors of q?
2, 3
Let b(p) = -p**3 + p**2 + 5. Let c be b(0). Suppose 0 = 6*z - c*z + 4. List the prime factors of (-447)/(-21) + z/14.
3, 7
Suppose -5*u = 2*q - 5740, 1148 = u + 80*q - 77*q. List the prime factors of u.
2, 7, 41
Suppose 0 = -3*x + 2 + 13. Suppose s - 128 = -4*u - 11, x*u + s = 146. List the prime factors of u.
29
What are the prime factors of (3088/40)/((-6)/(-15))?
193
Suppose -5316 = -9*c - 816. Suppose 7*z - c = 2*z. What are the prime factors of z?
2, 5
What are the prime factors of 1/(158868/79428 - 2)?
6619
Suppose 3837 = b + 61*t - 57*t, 19164 = 5*b - t. What are the prime factors of b?
3833
Suppose -8 = 11*f + 3. Let c(s) = 13*s**2 + 2*s + 1. What are the prime factors of c(f)?
2, 3
Suppose 425 + 471 = 4*n + o, -442 = -2*n + o. Let r = 316 - n. What are the prime factors of r?
3, 31
Suppose 0*x + 4*x + 8 = 0, -x - 32 = -5*g. Suppose -g*c +